What is 33 + (-26 - 43) + 9?
-27
-173 - -126 - (-4 + 11 + 3)
-57
2 + 0 + -6 + 1 + (-20 - -20 - 6)
-9
Calculate -20 - (-21 + (94 - 42)).
-51
23 - (45 - -15) - -1
-36
What is the value of (140 - 142 - (-53 - 5 - (1 + -1))) + -4?
52
Evaluate 3 + (-103 - -97) + (-3 - -5 - -3) + 6.
8
What is the value of (52 - 32 - 33) + 2 + -2?
-13
What is the value of (30 - 9 - (-34 + 8)) + -8?
39
What is the value of -44 + 2 + 14 + 2 + -29?
-55
Evaluate 13 + 17 + -42 - (2 - -20) - -10.
-24
What is the value of (-2 - (-14 + 3 - -5)) + (-31 - -83 - 12)?
44
Calculate 51 + (18 - (149 + -34)).
-46
What is -58 + -63 + 54 + (7 - -2)?
-58
What is -19 + -13 + -2 + 54 + -19 - (1 - -76)?
-76
-29 + -7 - (-8 - (-19 + -8))
-55
(-16 - 15) + (0 - -11 - (-154 + 159)) + -2
-27
Calculate (-1 - -2) + 5 + 1 + -1 + 229 + -224.
11
44 + 17 + (22 - (-15 + 64))
34
What is -155 + (128 - 46) + 117?
44
Calculate (-1192 - -1256 - (11 - 0)) + 35.
88
Calculate -79 + 86 + -110 + 47.
-56
What is 28 + -37 - (-120 + 90)?
21
(1 - 22) + (-20 - -47) - -9
15
What is the value of 45 - (-54 + 136 - 28)?
-9
Evaluate 18 + -25 + (-154 - -303) - (14 - -1).
127
Evaluate -22 + 1 + (2675 - 2598).
56
What is -99 + 27 + 15 - -48?
-9
13 - (86 + -80 - 71)
78
What is the value of (6 - ((1 - 11 - 1 - -10) + 8)) + -12?
-13
Evaluate (72 - 67 - (3 + -4 - 19)) + -17.
8
What is the value of 14 + 0 + -23 + -8 + -13 + -12?
-42
-105 - (-4 - (-77 + 107))
-71
Calculate -2 + 0 + 0 + -73 + 51 + 13 + -15.
-26
What is the value of -119 + (-79 - (-233 + 3))?
32
What is -3 - (41 + -6) - ((0 - 0) + -7)?
-31
What is the value of -128 - (-6 - (-6 - -16 - 35))?
-147
What is 97 + 1267 + -1249 + 6 + 0?
121
-72 - (30 - (56 - -48))
2
What is 9 + (38 - (7 - -20)) + -2 + -2?
16
What is (66 - (-6 - -47)) + -48?
-23
What is 53 - (24 + 1) - -30?
58
What is the value of -61 - (-146 + -55 + 108)?
32
What is 3 - 1 - (-26 - -2) - 2 - (-8475 - -8482)?
17
What is the value of 4 + -19 + 83 + -83?
-15
Calculate 16 + (-29 - -11 - -11 - -16).
25
What is the value of 443 + -498 + (1 - -17)?
-37
Evaluate -4 - 12 - (20 + -12 + 3 + 18).
-45
12 + -27 + 4 + (1 - (9 + -5)) - 57
-71
What is the value of (-12 - (3 + -1)) + -80 + 55?
-39
What is the value of -54 + -3 - (-367 - -353 - (-2 + 0))?
-45
Calculate (23 - (5 + -3 - 7)) + -16 + 8 + -9.
11
-125 + 73 + -1 + -33 + 16
-70
Calculate -42 + (-28 - -86) + -5.
11
What is the value of 2 - ((-10 - -27) + -41 + -7)?
33
Evaluate -11 + 0 + 2 - (2 + 26 + -105) - 11.
57
Calculate (6 - -5 - ((0 - -11) + (-4 - -9))) + 20.
15
What is -65 + -2 + (-18 - (4 + (14 - 13) + -14))?
-76
Evaluate -1581 + 1700 + (-29 - 3).
87
Calculate 11 - ((58 - 7) + -4).
-36
Evaluate -308 + 241 - (-88 - -9).
12
Evaluate 43 - (-1 - -2) - (4 + (28 - 26)).
36
What is 18 + (-22 - ((-10 - -17) + -4))?
-7
Evaluate (-6 + -2 - -7) + -103 + 10 + -9.
-103
Calculate -40 - (13 - 25) - -128 - (-4 + 1 - 10).
113
Calculate 11 + 20 + -9 + (4 + 7 - 9).
24
What is -5 + (-4 - -6) - ((31 - 36) + (4 - -42))?
-44
Calculate -2202 + 2163 - (-53 + 6).
8
What is 0 + -41 + 8 + -3 + (-14 - -22)?
-28
-884 + 955 + (-3 - -38)
106
What is the value of 63 + (-25 - -19) + (13 - 1) + (7 - 10)?
66
What is 38 + 25 + (12 - 17) + (2 - 8)?
52
What is -34 + 16 + -6 + -7 + 4?
-27
What is 9 + -6 + -5 - -2 - -3 - (48 - 7)?
-38
(110 - 2) + -81 + 31
58
What is 11 + 9 + (6 + -13 + -4 - 14)?
-5
What is the value of (-67 - -21 - -31) + 12 + (-5 - -7)?
-1
What is 6 - ((35 - 26) + 27)?
-30
Evaluate -20 - (-29 - -21) - (14 - (1 - 1)).
-26
What is the value of 12 - -1 - ((124 - 95) + -56)?
40
Calculate (-2228 - -2139) + (-21 - 1).
-111
What is 14 + (0 - 1) + -6 + 12 + -3?
16
What is 32 + -5 + (-41 + 21 - -8)?
15
Calculate 39 + (-2 - -1) + -42 + -43 + 95 + -1.
47
Calculate -34 + 71 + (-31 - 0) - (1 + 6 - -1).
-2
What is -13 + (-52 - -10) - -1 - (1 + -4) - -2?
-49
What is -58 + (-3 - 2 - (31 - 45) - 7)?
-56
Calculate -20 - (((2 - -6) + -11 - -8) + (2 - -1)).
-28
What is 6 - (3 + 4 + (22 - 8) + -15)?
0
What is the value of -8 + 57 + -29 + 12 + 66 + 13?
111
296 + -328 - (-67 + -2)
37
What is 0 + (-3 - -17) + (-118 - (20 + -119))?
-5
What is (1 - -3) + (-7 - -2 - (42 - 96))?
53
(13 - (-17 - -21)) + -20 + 45
34
What is -53 + -22 + 17 + 11 + (5 - (-5 + 2))?
-39
What is the value of -6 + 1 + (0 - 0) - (362 + -58 - 283)?
-26
What is (-4 - -4 - 6) + -1 + (-133 - -106)?
-34
Evaluate -100 + -70 + -29 + 60.
-139
Calculate (-196717 - -196719) + (34 - (0 - -1)) + -1.
34
Calculate -324 + 306 - (18 + (4 - 8)).
-32
-3 + 4 + (3 - 14) - (-27 + -12)
29
What is the value of (2 - 1 - (441 - 432)) + (2 - 4) + 63?
53
-64 + -50 - (-17 - 44)
-53
9 - 15 - (10 - (-13 + 33 + -9))
-5
-7 + 4 - (-2 + -37)
36
What is the value of (-3 - 0) + (43 - (-32 + (13 - -51)))?
8
Evaluate (-34 - (0 - -4 - 3)) + 1 + -6 + 11.
-29
-34 + (-24 + -14 - -44)
-28
What is 4 + (-17 - -88 - (-22 - -15 - (-10 + 3)))?
75
Calculate (1 + 5 - (55 - 42) - -9) + -54.
-52
Evaluate (-6 - 0) + -755 + 778 - -13.
30
What is 16 + (-4 - -2) - (-197 - -204)?
7
70 + (-22 - (45 + -77))
80
Evaluate 50 - (5 - (24 - 96)).
-27
What is the value of -11 - ((6 - -4) + -5 + -1 + 2 - -19)?
-36
Calculate -11 + -9 + 2 + -7 - (32 - 14).
-43
(37 - (-2 + 14 - 17 - -9)) + -12
21
What is the value of 0 - (0 - (0 - 2) - (-953 + 952))?
-3
What is the value of (30 - (56 - (30 - -6))) + -95?
-85
Calculate 7 + 0 - (1228 + -1235).
14
-134 + (118 - (-70 + 172))
-118
Calculate 0 - (1 - 3) - (90 + -80).
-8
(-17 + -4 - (-119 - -102)) + (14 - -1)
11
(2 - -91) + -5 - (6 - (23 + -13 + -13))
79
What is -39 + -6 + (-5 - -11 - (-19 + 29 + -17))?
-32
What is 4 + 53 + (-48 - -21)?
30
-18 + (123 - 89) - -10
26
Calculate -13 + -17 + 63 + -11 + -8 - (0 - -12).
2
What is (-361 + 339 - (2 - 29)) + -61?
-56
What is the value of (-15 - (-25 - 26)) + 64 - (0 - -3)?
97
Evaluate 14 + (-1 - 66 - ((25 - 54) + 28 + -2)).
-50
17 - 16 - 33 - (-253 + 154)
67
What is 25 + -4 + 14 + (-25 - 2)?
8
What is (1 + -6 - -13 - 12) + -4 + 2 + 46?
40
Evaluate 174 - 3 - (6220 + -5968).
-81
What is 0 + (14 + 6 + (5 - 15) - (-15 + 68))?
-43
-21 + (-24 - (30 - 51) - -37)
13
Evaluate 123 + -38 + 41 - 67.
59
Calculate 8 + -41 + -4 + -12.
-49
What is (-2 - -25) + (39 + 83 - 102)?
43
Calculate 4 + (3 - (0 + -35) - 1) + (-25 - -17).
33
(-50 - (-146 + 23)) + -38
35
59 - (20 - ((-2 - (-16 - -12)) + (9 - 4)))
46
What is the value of 31 + (-18 + 12 - (13 - (28 - -2)))?
42
Calculate 0 - ((6 + -25 - -26) + 2 + -4).
-5
Calculate 73 + -77 - ((72 - 67) + (-81 + 1 - 1)).
72
What is (-60 - 13) + (-4 - -5 - ((1 - -16) + -18))?
-71
What is the value of (-71 + -27 - -100) + -91?
-89
What is (3 - (-10 + 14 - (-8 - -1))) + 66?
58
-11 + 24 - ((6 - (-1 - 35)) + -3)
-26
Evaluate 39 + (-8 - -3 - 2) - 98.
-66
Evaluate 0 + 15 - (48 + (-74 - -8)).
33
What is 114 + (70 - 304 - -61)?
-59
Calculate (1 - 13) + 4 + (-53 - -77) + (81 - 0).
97
-153 - (-92 + 108) - -73
-96
Evaluate -34 + 45 + (-3 - (-6 - (-7 - 0))) + -97.
-90
21 + 4 + -3 + -6 - (1245 + -1240)
11
Calculate (21 - (18 - (-8 + 13 + -1 + 1))) + 144.
152
What is -19 - (37 - 44) - (5 - (6 + 27))?
16
Calculate (79 - (-18 - -114)) + -4 + -3 + -28.
-52
Evaluate 0 - (1 + 10 - 6) - (-162 - -105).
52
What is the value of 29 + -50 - (6 - 0) - (8 + -5 - -6)?
-36
What is the value of 53 - (3 - (18 + -13 - 0))?
55
What is -83 - (-79 - 37) - ((-7 - 1) + (-16 - -14))?
43
What is 27 - (27 - 14) - (57 + -5 + 6)?
-44
What is the value of -84 + (-28 - (-52 - 48))?
-12
What is the value of (0 - (0 - -40)) + -3740 + 3744?
-36
Calculate 10 + -5 + 7 + -41 - (-13 - -2).
-18
Calculate -42 - (10 + (-18 - -11) + 5 + 7).
-57
What is 1 - 2 - (-37 + 32 - (0 - -55)) - 10?
49
What is -16 + (-5 - 38 - -59)?
0
Calculate -21 - (23 + (38 - 15 - 64)).
-3
What is the value of 17 - (45 - (0 - -149))?
121
Evaluate (13 - (7 - -51)) + (-8 - (13 - (15 + -8))).
-59
-1 + 1 - (-4 + 30 + -31) - (1 + 39)
-35
Evaluate (-278 - -275) + 4 + (2 - 3) + -10 + -3.
-13
Evaluate 62 - (-9 - (-15 - (-34 + 15))).
75
Calculate (7 - 20) + 19 + -7 + 1.
0
What is the value of 6 - (45 - (69 - 26))?
4
69 + 27 + -37 + -20 + 49
88
Calculate -21 + (-69 - -142 - -27).
79
(-8 + -1 - -29) + -40 - 1
-21
-20 + -2 + -8 - 14
-44
Calculate 52 + 33 + (-18 - 3).
64
What is the value of -1 + -24 - (-71 + (-144 - -95))?
95
What is the value of -7 + 21 + 16 - (-5 + 4 - (3 + -9))?
25
(-